08420?
2, 3, 5, 2423
What are the prime factors of 3712132?
2, 883, 1051
What are the prime factors of 1534066?
2, 31, 109, 227
What are the prime factors of 12115565?
5, 7, 11, 31469
What are the prime factors of 33177?
3, 11059
What are the prime factors of 7742244?
2, 3, 645187
List the prime factors of 5158013.
7, 53, 13903
What are the prime factors of 1364907?
3, 454969
What are the prime factors of 296885?
5, 59377
List the prime factors of 1717805.
5, 343561
What are the prime factors of 2208575?
5, 23, 167
What are the prime factors of 723219?
3, 7, 34439
What are the prime factors of 138354?
2, 3, 23059
What are the prime factors of 99144?
2, 3, 17
List the prime factors of 380672.
2, 1487
What are the prime factors of 66155?
5, 101, 131
What are the prime factors of 1035816?
2, 3, 43159
List the prime factors of 290235.
3, 5, 11, 1759
What are the prime factors of 103328?
2, 3229
What are the prime factors of 172012?
2, 43003
List the prime factors of 8927780.
2, 5, 446389
List the prime factors of 72582.
2, 3, 12097
List the prime factors of 449661.
3, 37, 4051
What are the prime factors of 430736?
2, 26921
What are the prime factors of 456129?
3, 59, 859
List the prime factors of 257787.
3, 28643
List the prime factors of 365871.
3, 11, 11087
List the prime factors of 270740.
2, 5, 13537
List the prime factors of 1482433.
193, 7681
What are the prime factors of 271128?
2, 3, 11, 13, 79
What are the prime factors of 17058619?
17058619
List the prime factors of 7897646.
2, 859, 4597
List the prime factors of 2650113.
3, 17, 17321
List the prime factors of 18871625.
5, 43, 3511
List the prime factors of 1187668.
2, 97, 3061
What are the prime factors of 22026?
2, 3, 3671
What are the prime factors of 306172?
2, 76543
What are the prime factors of 2182911?
3, 53, 13729
What are the prime factors of 383503?
17, 1327
What are the prime factors of 6249606?
2, 3, 11, 23, 179
What are the prime factors of 134944?
2, 4217
List the prime factors of 11089764.
2, 3, 7, 14669
List the prime factors of 92726.
2, 71, 653
List the prime factors of 8239405.
5, 23, 71647
List the prime factors of 262499.
23, 101, 113
List the prime factors of 991685.
5, 198337
List the prime factors of 697625.
5, 5581
What are the prime factors of 1351770?
2, 3, 5, 7, 41, 157
What are the prime factors of 5123677?
13, 394129
List the prime factors of 12615859.
12615859
List the prime factors of 9897372.
2, 3, 61, 4507
List the prime factors of 3129673.
199, 15727
List the prime factors of 2494178.
2, 1247089
List the prime factors of 23326012.
2, 31, 313, 601
List the prime factors of 6000.
2, 3, 5
What are the prime factors of 82151?
113, 727
List the prime factors of 3672986.
2, 17, 59, 1831
What are the prime factors of 17116832?
2, 167, 3203
What are the prime factors of 16994472?
2, 3, 11, 64373
List the prime factors of 1715136.
2, 3, 8933
List the prime factors of 298578.
2, 3, 7, 7109
List the prime factors of 1135032.
2, 3, 47293
List the prime factors of 5985109.
13, 460393
What are the prime factors of 8479262?
2, 11, 193, 1997
What are the prime factors of 1420134?
2, 3, 37, 6397
What are the prime factors of 1895295?
3, 5, 29, 4357
List the prime factors of 483530.
2, 5, 48353
What are the prime factors of 303662?
2, 149, 1019
List the prime factors of 5171181.
3, 1723727
What are the prime factors of 423073?
7, 19, 3181
List the prime factors of 18842601.
3, 6280867
List the prime factors of 7265495.
5, 43, 47, 719
What are the prime factors of 637963?
19, 33577
What are the prime factors of 546127?
31, 79, 223
What are the prime factors of 2852935?
5, 570587
List the prime factors of 1080328.
2, 83, 1627
What are the prime factors of 82734?
2, 3, 13789
What are the prime factors of 16426255?
5, 23, 142837
What are the prime factors of 1193008?
2, 173, 431
List the prime factors of 171854.
2, 29, 2963
List the prime factors of 1798229.
257, 6997
List the prime factors of 221953.
221953
What are the prime factors of 2987728?
2, 186733
List the prime factors of 481637.
13, 37049
What are the prime factors of 210969?
3, 11, 2131
List the prime factors of 12135629.
11, 157, 7027
What are the prime factors of 2357776?
2, 23, 43, 149
List the prime factors of 8755328.
2, 73, 937
What are the prime factors of 11603812?
2, 11, 263723
What are the prime factors of 3034794?
2, 3, 7, 19, 3803
What are the prime factors of 7478695?
5, 7, 157, 1361
List the prime factors of 8592052.
2, 7, 59, 743
List the prime factors of 109210.
2, 5, 67, 163
List the prime factors of 2739048.
2, 3, 13, 8779
List the prime factors of 18241647.
3, 6080549
List the prime factors of 8924259.
3, 101, 29453
List the prime factors of 860505.
3, 5, 57367
What are the prime factors of 6555097?
6555097
What are the prime factors of 7023645?
3, 5, 52027
What are the prime factors of 57348?
2, 3, 59
What are the prime factors of 91908?
2, 3, 23, 37
What are the prime factors of 2734372?
2, 41, 16673
List the prime factors of 2712041.
19, 47, 3037
List the prime factors of 225222.
2, 3, 37537
List the prime factors of 1776672.
2, 3, 31, 199
What are the prime factors of 184526?
2, 257, 359
What are the prime factors of 386099?
7, 19, 2903
List the prime factors of 16019864.
2, 7, 40867
List the prime factors of 52712.
2, 11, 599
What are the prime factors of 1035152?
2, 31, 2087
What are the prime factors of 4029345?
3, 5, 9949
List the prime factors of 332741.
17, 23, 37
What are the prime factors of 20725076?
2, 5181269
What are the prime factors of 236918?
2, 11, 89
What are the prime factors of 3425364?
2, 3, 17, 29, 193
List the prime factors of 559020.
2, 3, 5, 7, 11
List the prime factors of 127354.
2, 37, 1721
List the prime factors of 662415.
3, 5, 13, 43, 79
What are the prime factors of 12559713?
3, 4186571
List the prime factors of 2342444.
2, 13, 107, 421
What are the prime factors of 147016?
2, 17, 23, 47
List the prime factors of 1841092.
2, 11, 41843
What are the prime factors of 250107?
3, 11, 13, 53
List the prime factors of 6194959.
6194959
What are the prime factors of 13467263?
1999, 6737
What are the prime factors of 1867272?
2, 3, 11, 643
What are the prime factors of 6316718?
2, 3158359
List the prime factors of 4465909.
7, 91141
List the prime factors of 912369.
3, 29, 10487
List the prime factors of 14443741.
13, 1111057
What are the prime factors of 2661344?
2, 7, 109
What are the prime factors of 20811083?
47, 442789
List the prime factors of 42242.
2, 21121
List the prime factors of 2494781.
2494781
What are the prime factors of 116898?
2, 3, 19483
List the prime factors of 6839826.
2, 3, 7, 162853
What are the prime factors of 88951?
88951
List the prime factors of 4553.
29, 157
What are the prime factors of 1754629?
1754629
What are the prime factors of 1713539?
727, 2357
What are the prime factors of 8226231?
3, 13, 210929
What are the prime factors of 325577?
7, 46511
List the prime factors of 32017433.
7, 41, 15937
What are the prime factors of 225156?
2, 3, 29, 647
What are the prime factors of 189473?
189473
What are the prime factors of 2885071?
7, 97, 607
List the prime factors of 718075.
5, 28723
List the prime factors of 2266015.
5, 17, 53, 503
What are the prime factors of 2552843?
2552843
What are the prime factors of 285588?
2, 3, 7933
List the prime factors of 270508.
2, 7, 9661
List the prime factors of 2540590.
2, 5, 13, 19543
What are the prime factors of 1566853?
383, 4091
What are the prime factors of 505232?
2, 7, 13, 347
List the prime factors of 76312.
2, 9539
What are the prime factors of 2965135?
5, 179, 3313
What are the prime factors of 687978?
2, 3, 37, 1033
List the prime factors of 1267103.
1267103
What are the prime factors of 13444840?
2, 5, 336121
List the prime factors of 11295185.
5, 11, 23, 8929
What are the prime factors of 3582929?
7, 73121
List the prime factors of 213640.
2, 5, 7, 109
List the prime factors of 5965512.
2, 3, 7, 35509
What are the prime factors of 5840403?
3, 1946801
List the prime factors of 271398.
2, 3, 45233
List the prime factors of 5322597.
3, 7, 191, 1327
List the prime factors of 1542787.
131, 11777
List the prime factors of 268627.
29, 59, 157
What are the prime factors of 54595?
5, 61, 179
What